= -428, 3*v = 3*g + 264. What are the prime factors of v?
2, 43
Suppose 99 = -5*z + 3*h, -4*z - 47 = -5*h + 27. Suppose 20 = 3*k + 2*k. List the prime factors of z/(-6) + 2/k.
2
Suppose 7 = -w + 15. List the prime factors of 3/(3/1)*w.
2
Let q(o) = 0 + 2 - 1 + 12*o. List the prime factors of q(2).
5
Suppose 3*f + 2*b - 398 = 0, 5*b - 182 - 201 = -3*f. What are the prime factors of f?
2, 17
Suppose 4*o = 5*o - 2. Suppose 2*u - 6 = -r, -u + o*r = -19 + 6. What are the prime factors of u?
5
Let a = 44 - -30. List the prime factors of a.
2, 37
Let t(l) = l**2 - 2*l + 8. List the prime factors of t(-6).
2, 7
Let w(t) = -t**3 + 6*t**2 + 6*t + 7. Let p be w(7). Suppose 3*k - 2*k - 17 = p. Suppose -3*y + k = 5. What are the prime factors of y?
2
Let m(z) = -z**3 - 4*z**2 + 6*z + 7. Let o be m(-5). Suppose 0*n + 3*n = o*x + 31, 21 = n + 2*x. What are the prime factors of n?
13
Let r be 6/(-9) - 14/6. Let h = 5 + -3. What are the prime factors of 57/(-2)*h/r?
19
Suppose 0*n = 4*n - 16. Suppose 4*f - 44 = 5*x, 5*f = 2*x - n*x + 22. What are the prime factors of f?
2, 3
What are the prime factors of (242/10)/(-2 - (-99)/45)?
11
Suppose -27*n = -19*n - 1528. What are the prime factors of n?
191
Let n = -9 - -74. What are the prime factors of n?
5, 13
Let v(d) be the first derivative of 1/4*d**4 - 2 + 0*d**2 + 11/3*d**3 + 5*d. What are the prime factors of v(-11)?
5
Suppose -108 = -6*c + 48. What are the prime factors of c?
2, 13
Suppose 5*j + 43 = 3*k - 11, 0 = -2*j - 6. What are the prime factors of k?
13
Suppose 3*f + 6 = 0, -3*c = -2*f - 161 + 13. Suppose -5*p + c = -p. List the prime factors of p.
2, 3
What are the prime factors of 0/(-10) - -1*151?
151
Let d(r) = r**3 + 11*r**2 + 10*r + 9. Let u be d(-10). Suppose 2*p - 3 = u. What are the prime factors of p?
2, 3
Suppose 7*i = 4*i. Suppose 0 = m - t - 16, -5*t + 5 + i = 0. What are the prime factors of m?
17
Let v be ((-3)/(-5))/(1/5). Suppose -4*g - 24 = -4*j, 24 = 2*j - v*j - 5*g. What are the prime factors of -2 - (j*-16 - -3)?
11
Let y be ((-20)/(-25))/(2/10). Suppose 46 = 5*h - y*v, 4*h + 3*v = 2*h + 23. List the prime factors of h.
2, 5
Let l(r) = -28*r**3 + 7 - 23*r**3 - 6*r**2 + 50*r**3. What are the prime factors of l(-6)?
7
Suppose -c = -2*c + 163. What are the prime factors of c?
163
Suppose -3*a - a + 350 = 5*s, 5*a = -s + 448. Suppose -3*c - y = -52, y = 5*c + 2*y - a. What are the prime factors of c?
19
Let t = -31 + 44. Let v = t + -9. List the prime factors of v.
2
List the prime factors of (5 - (-445)/(-15))/((-4)/6).
37
What are the prime factors of (-213)/(-9) - (-1)/3?
2, 3
Suppose 2*l + 7 = -3*g, 5*l + 5*g = l - 11. List the prime factors of (76/4)/(l + 0).
19
Let o(v) = 5*v + 41. Let d(l) = -9*l - 82. Let h(m) = 4*d(m) + 9*o(m). Let k(z) = 4*z + 20. Let i(c) = -3*h(c) + 7*k(c). What are the prime factors of i(-9)?
2
Let o = -104 - -179. Suppose -2*c = 5*n + o, 4*c - 43 = 5*n + 2. Let m = -8 - n. What are the prime factors of m?
5
Let x = 1 + 1. Let r(g) = -g**2 + 5*g - 1. Let t be r(2). Suppose -t*u + 33 = -x. What are the prime factors of u?
7
Suppose 5*q = -3*l + 30, q - 5*q = l - 31. Suppose g - 9 = q. List the prime factors of g.
2, 3
Let k = 4 - 0. Suppose x - 2*m + 9 = 4*x, -3*m = -k*x + 12. What are the prime factors of x?
3
Let x(t) = t**3 + 11*t**2 + 10*t + 11. What are the prime factors of x(-10)?
11
Let z = 36 - 24. Suppose 3*t = -t + z, 2*t - 30 = -3*c. What are the prime factors of c?
2
Suppose -c = 3*i - 5*i, 0 = 3*i + 5*c + 13. Let t = 4 + i. Suppose -t*x = x - 48. List the prime factors of x.
2, 3
Suppose -4 + 128 = 4*b. What are the prime factors of b?
31
Suppose -5*g - 147 = -4*z, -75 = -2*z + g - 0*g. Let f(w) = -w + 1. Let t be f(-3). Suppose -x = -2*x - 5*j, z = t*x + j. List the prime factors of x.
2, 5
Suppose -4*i + 2*u + 2*u = -60, -2*i + 25 = -u. List the prime factors of i.
2, 5
Suppose 4 = 3*u - u, 2*a - 10 = -3*u. Suppose -78 = -a*q - 4*p, -5*q + 46 = -3*q - 4*p. List the prime factors of q.
31
Suppose -3*x + 3*c + 84 = -0*x, -4*x = -2*c - 104. Suppose 0*r + 4*r = -x. What are the prime factors of (18/3)/(r/(-8))?
2
Let v be (-350)/(-8) - 9/12. Suppose 0*g = 3*p + g - v, -4*p - g + 57 = 0. What are the prime factors of p?
2, 7
Let o be 6/(-4)*(-4)/2. Suppose 3*i - o + 0 = 0. Let m = i + 1. What are the prime factors of m?
2
Let o(d) = d**3 - 7*d**2 - 9*d + 16. What are the prime factors of o(9)?
97
Let j(z) = -6*z + 1. Let r(v) be the second derivative of v**3/6 - 2*v. Let q(m) = j(m) + 4*r(m). What are the prime factors of q(-2)?
5
Let b(s) = -s**2 + 6*s + 4. Let u be b(6). Suppose -u*i = -i. Suppose 0 = -3*p, 2*r + i = p + 4. What are the prime factors of r?
2
Let c be (20/3)/((-7)/(-21)). Suppose a + 4 = c. List the prime factors of a.
2
Let x = 9 - 5. Suppose 0*h + 2*h = -g + 44, 5*g + x*h = 196. Suppose -2*k = -0*k + 2*v - g, 3*v = 6. What are the prime factors of k?
2
Let j = -97 + 221. What are the prime factors of j?
2, 31
Suppose -5*y - 3*l + 112 = 0, -2*y - 3*l + 35 + 8 = 0. List the prime factors of y.
23
Suppose 3*o = 4*c - 45 + 5, -5*c = 5*o - 85. Suppose l - 6 = c. List the prime factors of l.
19
Let h = 319 + -211. List the prime factors of h.
2, 3
Let r(g) = -4*g**3 - 4*g**2 - 4*g - 1. What are the prime factors of r(-3)?
83
List the prime factors of (-450)/(-8) + 12/16.
3, 19
Suppose 0 = -4*r + 131 - 31. Let p = r - 3. Suppose -4*v + 14 = -p. What are the prime factors of v?
3
Let u = 50 + -77. Let c be 18/(-45) - u/5. Suppose -5*q = 5*i - 75, -c*q + 99 = -i - 2*i. List the prime factors of q.
2, 3
Suppose x = -d + 59, -x - 4*d + 67 = 11. List the prime factors of x.
2, 3, 5
What are the prime factors of 2*(518/(-4))/(-7)?
37
Suppose -4*p - 788 = -8*p. List the prime factors of p.
197
Let n be ((-70)/(-6))/(5/15). Let u = 2 + -8. What are the prime factors of 435/n - u/(-14)?
2, 3
Let v(b) = -b**2 + 5*b - 8. Let d be v(6). Let u = 23 + d. What are the prime factors of u?
3
Suppose -c - 2*c + 25 = 5*y, 3*c + 4*y - 20 = 0. Let b be (-5)/(-10)*1*(-2 + 2). Suppose b = -2*x + 4*x - 2*f - 14, c = -2*f. List the prime factors of x.
7
Let y(g) = -g**2 - 6*g + 3. Let d be y(-6). Suppose d*a = -0*a + 21. List the prime factors of a.
7
Let c(w) = -w**2 + 5*w + 2. Let b(o) = -2*o - 7. Let f be b(-7). Suppose -2*m + 3 = -f. List the prime factors of c(m).
2
Suppose 2*b = -5*c - b - 9, 2*b = -4*c - 6. Suppose c = -5*l - 12 + 142. List the prime factors of l.
2, 13
Let w(m) = -7*m + 47. List the prime factors of w(5).
2, 3
Suppose 3*k - 58 = 23. What are the prime factors of k?
3
Let f(y) = y**3 + 4*y**2 + 2. Let s be f(-4). Suppose -s*k + 8 = 4*p, 2*k - 5*p + 1 = -0. What are the prime factors of k?
2
Let h(o) = 4*o**2 + 5*o - 5. What are the prime factors of h(4)?
79
Suppose -q + 35 = -2*q. Let u = -17 - q. What are the prime factors of u?
2, 3
Let r = 7 + -7. Let l = 3 - r. List the prime factors of l.
3
Let p(q) = -2*q**2 - 4*q + 6. Let o(g) = g**2 + 8*g + 1. Let t be o(-7). Let x be p(t). Let m = -23 - x. What are the prime factors of m?
19
Let k(y) = -y**3 - 12*y**2 - 15*y + 11. List the prime factors of k(-11).
5, 11
Let p(h) = -h**3 - h**2 - h + 2. Let d be p(0). List the prime factors of d/(-4) - 76/(-8).
3
Let y(h) = -2*h**3 + h**2 + h + 1. Let x be y(-1). What are the prime factors of x/(4 - (-101)/(-26))?
2, 13
Let y(j) = -j**3 - 7*j**2 - 7*j - 8. Let s be y(-6). Let n = s + 6. Suppose x = 12 - n. What are the prime factors of x?
2
Let s be 16/10 + (-2)/(-5). Let y be 0/(s - 2/2). Suppose -x + 12 = 2*k, 4*k + 4 = -y*x + 5*x. What are the prime factors of k?
2
Suppose 4*w = 3*w. Let t(g) = g**3 - g**2 + 2. Let z be t(w). List the prime factors of (z/(-5))/(1/(-15)).
2, 3
Let a be 4/12*(-18)/(-3). Suppose 2*b = -0*b - a*x + 8, 3*x + 36 = 5*b. Suppose 4*r = 3*r + b. What are the prime factors of r?
2, 3
Let q = -8 + 10. Suppose 0 = 5*w - q*a - 166, 94 - 266 = -5*w + 4*a. What are the prime factors of w?
2
Let k(j) = -j - 3. Let p be k(-5). Suppose 0 = m - p*m + 2. Suppose -m*v = -9 - 13. What are the prime factors of v?
11
Let r be (76/8)/((-1)/(-2)). Let x be 1/4 - r/(-4). Suppose -x*j + j = -32. What are the prime factors of j?
2
Suppose -5*d - 15 = 0, u + 3*d - 2*d - 36 = 0. List the prime factors of u.
3, 13
Let c = 44 + -62. Let 